260 = 4*z. Let k = z + 318. Give p(k).
-13
Let m = 2728 - 2745. Let q(l) = l**2 + 19*l + 24. Give q(m).
-10
Let j(b) = 590*b - 17 + 5 - 21 + 1 - 592*b. What is j(-12)?
-8
Let d(f) = 4*f**2 - 25*f - 7. Let u be 8/44 + 7425/1089. What is d(u)?
14
Let m(h) = -h**2 - 6*h - 4. Suppose 38 + 54 = 4*t. Suppose -63 = -t*q + 32*q. Calculate m(q).
-11
Let k(o) be the third derivative of 5*o**4/24 + 8*o**3 - 1724*o**2. Calculate k(-11).
-7
Let g(w) = -7*w - 4*w**3 - 4 - 4*w**3 - 16*w**2 + 7*w**3. Let x be g(-13). Let c be 1 + (-7)/6 + (-1750)/x. Let s(k) = -k**3 + 4*k**2 + 2*k - 5. Give s(c).
3
Let o(y) be the third derivative of 7/60*y**5 + 14*y**2 + 0 + 1/3*y**3 + 0*y**4 + 1/120*y**6 + 0*y. Suppose 8 = -s + 1. Calculate o(s).
2
Let v = -6966 - -6966. Let t(s) = -s**3 - s**2 + 2*s - 14. Determine t(v).
-14
Let j(h) = h**2 - 6*h - 1. Let f = 2055 - 1258. Suppose 0 = -8*m + f - 77. Suppose 72 = -3*q + m. Determine j(q).
-1
Let f(c) = 12*c**2 + 19*c**2 - 12 - 30*c**2 + 5*c. Let v(y) = 3*y**2 + 30*y - 78. Let b be v(-12). What is f(b)?
-6
Suppose -5*z = 10, 0 = -0*l - 4*l + 3*z + 10. Let i(s) = -l - 2 + 3 + 2*s. What is i(-1)?
-2
Let c(o) = 31*o + 436. Let t be c(-14). Let z(k) = 2*k**2 - 86*k + 166. Calculate z(t).
2
Let r(b) be the third derivative of -3*b**4/4 - 5*b**3/6 - 508*b**2 + 4. Determine r(-1).
13
Let t = -10641 - -10643. Let s(k) = -k**3 + 2*k**2 - 4*k + 3. Determine s(t).
-5
Let x(w) = -21*w**3 - w**2. Suppose -274 = 42*r - 44*r. Let u = -258 + r. Let i = u + 122. Calculate x(i).
-22
Let x = 2638 - 2642. Let q(y) = -y**3 - 4*y**2 + 7*y + 11. Give q(x).
-17
Let h(l) = 4*l - 17. Let f be h(8). Let k be (-16)/(-5) - 3/f. Let u(r) = 10*r - 3*r - r**k - 8*r. What is u(-2)?
10
Let b(a) = -2*a + 7. Let w be 189/84 - 2/8. Let f be b(w). Suppose 0 = 2*g + 6*x - x + 10, 3*x - f = -3*g. Let u(n) = -n + 4. Calculate u(g).
-1
Let u(n) = -2*n**3 - 30*n**2 + 28*n - 70. Let b be u(-16). Let p(g) = 1. Let m(d) = -d**2 - 4*d - 3. Let h(l) = m(l) + 5*p(l). Give h(b).
-10
Let j(x) = -x**3 + x**2 + 23*x - 17. Let p be j(6). Let m = 56 + p. Let r(b) = 4*b - 3 + 2*b + b**2 - 2*b. Determine r(m).
-6
Let g(i) = 30*i**2 + 75*i - 37. Let k(y) = 53*y**2 + 149*y - 75. Let p(v) = -7*g(v) + 4*k(v). Calculate p(-36).
-5
Let c(p) = -177*p + 367. Let b be c(2). Let o(k) = k**2 - 12*k + 26. Determine o(b).
39
Let k(x) = -5*x + 10. Let d be ((-18)/27)/((-2)/(-12)*(-4)/2). Determine k(d).
0
Let o(w) = 20*w - 156. Let x be o(8). Suppose -m - m = 4*l + 4, -2*m - x = -5*l. Let y(g) = -g**2 + 10. What is y(l)?
10
Suppose -113 + 338 - 173 = 52*g. Let b(p) = -70*p + 1. What is b(g)?
-69
Let d(b) = 10*b**2 + 8*b + 20. Let u(s) = 34*s**2 + 26*s + 59. Let k(w) = 10*d(w) - 3*u(w). Give k(-5).
-37
Let v be ((-1)/((-12)/(-200)))/((-66)/(-99)). Let t(u) = -u - 14. Determine t(v).
11
Let x(u) = -u**2 + 2*u + 1. Let i(z) = z**2 - 3*z + 3. Let k be i(3). Determine x(k).
-2
Suppose -d = -2*n + 4 - 0, -21 = 4*d - 3*n. Let t(x) be the third derivative of 1/2*x**3 + 0 - 51*x**2 - 1/4*x**4 - 1/60*x**5 + 0*x. Give t(d).
3
Let a(f) = -7 + 1 + 426*f - 432*f. Let o(l) = -7*l - 6. Let b(h) = 3*a(h) - 2*o(h). Calculate b(-3).
6
Suppose 0 = 4*v + i + 3, 5*v + 4*i - 6*i = 6. Suppose 5*f + 50 = 3*k, v*k + f - 16 = -2*k. Let o(b) = -20 + k + 2*b + 12. Determine o(7).
16
Let z(m) be the first derivative of 11*m**4/4 + 2*m**3 + 3*m**2 + 5*m - 103. Let h(t) = 13*t**3 + 5*t**2 + 7*t + 4. Let v(q) = 5*h(q) - 6*z(q). Give v(-11).
1
Let r(p) = -2*p + 44. Let l be r(25). Let x(n) = -n**3 + 9*n**2 + 3*n - 1. Let v(u) = 2*u**3 - 10*u**2 - 2*u + 1. Let c(f) = -2*v(f) - 3*x(f). What is c(l)?
-5
Let t(p) = -86*p - 215 + 186*p - 94*p - 20*p. What is t(-16)?
9
Let y(b) = -4*b**2 + 1. Let a(i) = -19*i**2 - 4*i - 13. Let m(d) = d**2 + 22*d - 130. Let l be m(-27). Let w(g) = l*y(g) - a(g). What is w(6)?
6
Let y(v) = v + 29. Let q(i) = 3*i + 20. Let d(f) = 3*q(f) - 2*y(f). What is d(10)?
72
Let f(s) = -21*s - 91. Let j(l) = 23*l + 90. Let i(m) = 10*f(m) + 9*j(m). What is i(-34)?
2
Let h be (-10 + 4)*6/9. Let z(n) = 11*n + 13. Determine z(h).
-31
Let g be ((-260)/390)/(1/(9/(-2))). Let v(q) = 60 + 68*q - 45 - 83*q - 13*q**2 + q**g. Give v(14).
1
Let k(r) = -140*r - 1958. Let d be k(-14). Let h(l) = 2*l**2 - 3*l - 1. Give h(d).
1
Let r = 317 - 314. Let d(f) = -78*f**3 - f**2 + 142*f**3 - 65*f**r - f + 7. Determine d(0).
7
Let f(j) = 396*j - 326. Let x(m) = -653*m + 654. Let w(h) = 5*f(h) + 3*x(h). Give w(-15).
17
Suppose 70 + 26 = 6*b. Let p(s) = -18 - b + s**2 + 33. Let t(m) = -2*m**2 + 45*m + 24. Let q be t(23). What is p(q)?
0
Let i(t) = t + 12. Let x(o) = o + 11. Let g be x(3). Let l(u) = -9 + g*u - 15*u - 2. Let b(n) = 3*i(n) + 4*l(n). Give b(-5).
-3
Let y be 6/(-4) + 45/6. Let o be (3 + -4)*10/y*3. Let l(w) = w**3 + 6*w**2 + 2*w. Calculate l(o).
15
Let t(p) = -p**2 + 3*p + 2. Let x = -982 - -1040. Suppose x*i + 181 = 529. What is t(i)?
-16
Let j be 198*(5 - 140/21). Let a be (j/(-385))/((-1)/7). Let z(b) = 2*b - 1. Calculate z(a).
-13
Let q(t) = -2*t**3 - 53*t**2 + 14*t - 328. Let f be q(-27). Let y(x) = 6*x - 155. Give y(f).
-17
Let i(g) = -g**2 - 5*g + 84. Suppose 0 = -6*n - 3 - 69. Let w be i(n). Let z(t) = -t**3 + t**2 - 16. Calculate z(w).
-16
Let b(x) = -435 + x + 11*x + 1305 - 435 - 433. Calculate b(-4).
-46
Let q(n) be the first derivative of 2*n**2 - 6 + 13/60*n**5 + 0*n**3 + 0*n + 0*n**4. Let f(v) be the second derivative of q(v). Calculate f(-1).
13
Let k(o) = 0*o + 4*o - 4*o**2 - 3*o - 2*o**2. Let x be 0 + (-4)/(-24) + (-13)/6. Let q be x/(-3) + 35/105. Give k(q).
-5
Suppose -5*o + 1357 = 1267. Let x(h) = 2*h - 32. Give x(o).
4
Suppose 3*a - 1 = -3*d + 11, 0 = -4*a + 3*d + 2. Let k be (a/3)/(26/897). Suppose 20*r = k*r - 6. Let w(f) = -f**2 + 5*f - 3. Determine w(r).
3
Let r(f) = -36*f + 11 + 10 + 30*f. Let h(y) = -5*y + 16. Let o(a) = -4*h(a) + 3*r(a). Give o(2).
3
Let d(b) = 49*b - 479. Suppose -19*q - 167*q + 1860 = 0. Determine d(q).
11
Let b(u) = -u**2 - 4*u. Let v be (3/(-2))/((-6)/488). Let c = 119 - v. Give b(c).
3
Suppose -3*q - 26 = -3*k + 2*q, -q - 12 = -4*k. Let g(v) = -7*v**k - v + 0*v - 8*v**2 + 4*v**2. Let o = 33 + -34. Determine g(o).
-10
Let v(q) = 1 - 9*q**2 + 7*q + 24*q**2 + 3 - 11*q**2 - 12*q**2. Give v(-4).
-152
Suppose 2*d + 3 - 23 = 0. Let s(c) = 11*c**2 + 2 - 10*c - 64*c**3 + 1 + 63*c**3. What is s(d)?
3
Let i be (-1 + 1)/3 - -2. Let c(d) = 83 - 56 + 32 + 11*d - 63. Give c(i).
18
Let k(w) = -58*w - 31 - 14*w + 75*w. Calculate k(12).
5
Let l(m) be the third derivative of -17*m**6/120 + m**5/30 + 5*m**4/6 - 7*m**3/2 + m**2 + 67*m - 1. Calculate l(1).
-16
Let c(b) = -2*b - 1152 - 1150 - 1156 - 1158 + 4604. What is c(0)?
-12
Let w(h) = 3*h - 2. Let o(y) = -y**3 - 3*y**2 + 2*y + 2. Suppose -12*t - 2*k - 3 = -9*t, 5*t - 5*k + 5 = 0. Let m be o(t). Calculate w(m).
-8
Let l be (283 + (0 - -1 - -3))*-3. Let g = l - -862. Let b(i) = -i**3 - 1. Calculate b(g).
-2
Let q(c) = -62*c**3 + 70*c**2 + 6 - 60*c**3 + 120*c**3 + 5. What is q(35)?
11
Let z(o) = -4*o**2 + 3*o - 2. Suppose -4*p + 12 = -2*k, -99*p + 95*p = -3*k - 12. Determine z(p).
-29
Let k(u) = 2*u**2 + 3*u - 14. Let o(b) = -b**3 + 21*b**2 + 2*b - 39. Let x be o(21). What is k(x)?
13
Let t be 7 + 2 - 4 - 4/(-2). Suppose -4*d - 2*m + t*m - 6 = 0, 3*m + 6 = 0. Let f(j) = j + 4. Determine f(d).
0
Let g = -8738 - -8723. Let b(r) = r**2 + 19*r + 50. What is b(g)?
-10
Let b(a) = 61812 + a**2 + 10*a - 30896 - 30909. Determine b(-13).
46
Let x(w) = w - 4. Let n(k) = 2*k**3 - 51*k + 97*k + 4*k**2 - 49*k + 15 - k**3. Let r be n(-5). Determine x(r).
1
Let m(c) = 1 + 2*c - 3 - 4. Let z be (2 - 50/16)/((-342)/1824). Determine m(z).
6
Let r(u) = u**3 + 10*u**2 + 9*u + 7. Let g be 3 + 0 - 3 - 38. Let q = -23 - g. Suppose 0 = t + q - 6. What is r(t)?
7
Let s(a) = 148*a + 35. Let k(c) = -27*c - 7. Let r(b) = -11*k(b) - 2*s(b). Determine r(-11).
-4
Let v(x) = -5*x**3 + 5*x**2 - 5*x + 2. Let n(k) be the first derivative of -k**4/2 - k**3/3 - k**2/2 - 47. Let s(j) = -2*n(j) + v(j). What is s(6)?
20
Let f(s) = 124 + 2*s + 98 + 75 - 305 + 110 - s**2. Give f(-10).
-18
Let w(j) = 2*j**2 - 17*j + 8. Suppose -2*n - x - 14 - 4 = 0, 2*n - x = -10. Let r(i) = -i**2 + 8*i - 3. Let h(p) = n*r(p) - 3*w(p). Determine h(5).
-3
Let n(v) = 5*v + 34. Let f be n(10). Let g(r) =